3866633?
8
What is the millions digit of 554218731?
4
What is the hundreds digit of 1402996611?
6
What is the millions digit of 79765356?
9
What is the hundreds digit of 2671265967?
9
What is the millions digit of 22790540?
2
What is the hundreds digit of 606171550?
5
What is the tens digit of 48568555?
5
What is the tens digit of 19590821?
2
What is the millions digit of 2459799217?
9
What is the units digit of 202408119?
9
What is the hundred thousands digit of 863329582?
3
What is the hundreds digit of 1557317976?
9
What is the billions digit of 3075540045?
3
What is the hundreds digit of 7161670?
6
What is the hundred thousands digit of 39694820?
6
What is the hundred thousands digit of 225229930?
2
What is the ten thousands digit of 633601432?
0
What is the millions digit of 3689336703?
9
What is the units digit of 616361744?
4
What is the units digit of 1282894336?
6
What is the hundred thousands digit of 216538145?
5
What is the hundred thousands digit of 123542518?
5
What is the hundred thousands digit of 209257233?
2
What is the millions digit of 478871564?
8
What is the hundred thousands digit of 40667960?
6
What is the thousands digit of 182088458?
8
What is the hundred thousands digit of 55885250?
8
What is the hundreds digit of 164951687?
6
What is the units digit of 74174915?
5
What is the thousands digit of 820695612?
5
What is the hundred thousands digit of 198678986?
6
What is the units digit of 203420783?
3
What is the thousands digit of 4667901632?
1
What is the units digit of 679892800?
0
What is the units digit of 21898888?
8
What is the hundred thousands digit of 187304133?
3
What is the ten millions digit of 5017141688?
1
What is the thousands digit of 45376741?
6
What is the thousands digit of 151579984?
9
What is the hundred thousands digit of 1631483795?
4
What is the millions digit of 42578548?
2
What is the hundreds digit of 1558781491?
4
What is the hundred thousands digit of 60890464?
8
What is the hundreds digit of 1448471936?
9
What is the ten thousands digit of 135855957?
5
What is the hundreds digit of 115764430?
4
What is the hundreds digit of 2724111482?
4
What is the thousands digit of 1648560169?
0
What is the tens digit of 46623541?
4
What is the hundred millions digit of 105442692?
1
What is the hundred thousands digit of 61307327?
3
What is the hundred thousands digit of 2372728983?
7
What is the tens digit of 2622958268?
6
What is the ten millions digit of 69494176?
6
What is the millions digit of 130073092?
0
What is the hundred millions digit of 241715613?
2
What is the units digit of 670868629?
9
What is the tens digit of 3267449365?
6
What is the ten thousands digit of 137051408?
5
What is the hundred thousands digit of 202169508?
1
What is the ten thousands digit of 28835274?
3
What is the tens digit of 1339607305?
0
What is the millions digit of 935981594?
5
What is the hundreds digit of 647726582?
5
What is the units digit of 649738571?
1
What is the tens digit of 15473982?
8
What is the thousands digit of 498484913?
4
What is the ten millions digit of 13501341?
1
What is the ten millions digit of 533844803?
3
What is the ten thousands digit of 909419657?
1
What is the ten thousands digit of 3265266?
6
What is the tens digit of 70207775?
7
What is the ten millions digit of 120568131?
2
What is the hundred millions digit of 125736246?
1
What is the thousands digit of 345045297?
5
What is the ten millions digit of 2044321918?
4
What is the hundreds digit of 23935992?
9
What is the units digit of 266165398?
8
What is the millions digit of 28067223?
8
What is the millions digit of 153835485?
3
What is the hundred thousands digit of 1019072547?
0
What is the ten thousands digit of 7036663188?
6
What is the hundred millions digit of 3673619362?
6
What is the millions digit of 23585921?
3
What is the ten thousands digit of 20380092?
8
What is the hundred thousands digit of 211124986?
1
What is the ten millions digit of 5730155526?
3
What is the units digit of 4797433641?
1
What is the tens digit of 85252730?
3
What is the hundreds digit of 343769161?
1
What is the thousands digit of 464143781?
3
What is the hundreds digit of 220355728?
7
What is the tens digit of 1040898388?
8
What is the hundred thousands digit of 37481311?
4
What is the hundreds digit of 1998831542?
5
What is the ten thousands digit of 913563415?
6
What is the ten millions digit of 4328718807?
2
What is the ten millions digit of 700003713?
0
What is the ten millions digit of 2087749553?
8
What is the ten thousands digit of 5412633?
1
What is the units digit of 944353591?
1
What is the hundred thousands digit of 114980513?
9
What is the ten thousands digit of 365787873?
8
What is the units digit of 46665818?
8
What is the hundreds digit of 23928030?
0
What is the hundred millions digit of 231208466?
2
What is the hundred thousands digit of 124534025?
5
What is the thousands digit of 571875046?
5
What is the millions digit of 113522230?
3
What is the millions digit of 740077959?
0
What is the millions digit of 7671143?
7
What is the millions digit of 4377208905?
7
What is the ten thousands digit of 48109261?
0
What is the millions digit of 38614273?
8
What is the millions digit of 98281458?
8
What is the hundred thousands digit of 35401720?
4
What is the tens digit of 1902338146?
4
What is the hundreds digit of 993779010?
0
What is the thousands digit of 906999516?
9
What is the hundreds digit of 963174707?
7
What is the hundred thousands digit of 3066304808?
3
What is the hundred millions digit of 196029569?
1
What is the ten millions digit of 318814603?
1
What is the hundred thousands digit of 85370523?
3
What is the hundred thousands digit of 14474396?
4
What is the millions digit of 10328787?
0
What is the millions digit of 2539728413?
9
What is the hundreds digit of 887845408?
4
What is the ten millions digit of 1085046562?
8
What is the ten millions digit of 1056378128?
5
What is the thousands digit of 164935983?
5
What is the millions digit of 7000628361?
0
What is the tens digit of 268771091?
9
What is the thousands digit of 250457231?
7
What is the units digit of 207947093?
3
What is the hundred millions digit of 205731566?
2
What is the thousands digit of 1333695336?
5
What is the millions digit of 5172095679?
2
What is the units digit of 224348023?
3
What is the ten thousands digit of 326794772?
9
What is the thousands digit of 21156822?
6
What is the ten millions digit of 575266879?
7
What is the billions digit of 2454775528?
2
What is the ten millions digit of 4153356008?
5
What is the millions digit of 58383572?
8
What is the ten thousands digit of 71822701?
2
What is the ten millions digit of 928554873?
2
What is the units digit of 344452863?
3
What is the ten millions digit of 775372004?
7
What is the ten millions digit of 541790747?
4
What is the thousands digit of 5404996906?
6
What is the hundred thousands digit of 142421745?
4
What is the millions digit of 1621136705?
1
What is the tens digit of 12815475?
7
What is the billions digit of 4491603620?
4
What is the tens digit of 51844130?
3
What is the thousands digit of 128193403?
3
What is the hundred thousands digit of 3363832091?
8
What is the units digit of 468523262?
2
What is the units digit of 41052436?
6
What is the hundred millions digit of 139973192?
1
What is the thousands digit of 851722014?
2
What is the ten thousands digit of 6984135048?
3
What is the units digit of 149715789?
9
What is the billions digit of 1019909228?
1
What is the thousands digit of 81974229?
4
What is the units digit of 20644233?
3
What is the ten thousands digit of 4959330?
5
What is the hundred millions digit of 2035386919?
0
What is the tens digit of 21184191?
9
What is the ten millions digit of 1248735783?
4
What is the ten millions digit of 260441609?
6
What is the ten thousands digit of 94998789?
9
What is the hundreds digit of 91709692?
6
What is the hundreds digit of 1194053319?
3
What is the tens digit of 29358090?
9
What is the ten thousands digit of 680686783?
8
What is the tens digit of 1595333136?
3
What is the millions digit of 49168212?
9
What is the ten thousands digit of 914936090?
3
What is the units digit of 862197912?
2
What is the hundreds digit of 214926834